ivided by 146.
3
Calculate the remainder when 145 is divided by 44.
13
What is the remainder when 1407 is divided by 116?
15
Calculate the remainder when 511 is divided by 106.
87
Calculate the remainder when 451 is divided by 20.
11
Calculate the remainder when 402 is divided by 38.
22
What is the remainder when 192 is divided by 26?
10
Calculate the remainder when 7559 is divided by 135.
134
What is the remainder when 606 is divided by 21?
18
Calculate the remainder when 881 is divided by 42.
41
Calculate the remainder when 165 is divided by 14.
11
Calculate the remainder when 114 is divided by 48.
18
What is the remainder when 426 is divided by 135?
21
Calculate the remainder when 4686 is divided by 780.
6
What is the remainder when 1182 is divided by 74?
72
Calculate the remainder when 2197 is divided by 20.
17
What is the remainder when 2998 is divided by 187?
6
What is the remainder when 3884 is divided by 1291?
11
What is the remainder when 537 is divided by 104?
17
Calculate the remainder when 37 is divided by 16.
5
What is the remainder when 282 is divided by 19?
16
Calculate the remainder when 42 is divided by 22.
20
What is the remainder when 64 is divided by 32?
0
Calculate the remainder when 7340 is divided by 153.
149
Calculate the remainder when 1257 is divided by 73.
16
What is the remainder when 526 is divided by 20?
6
What is the remainder when 661 is divided by 13?
11
Calculate the remainder when 74 is divided by 18.
2
What is the remainder when 38 is divided by 24?
14
Calculate the remainder when 76 is divided by 19.
0
What is the remainder when 37 is divided by 9?
1
What is the remainder when 3250 is divided by 12?
10
Calculate the remainder when 65 is divided by 37.
28
What is the remainder when 72 is divided by 44?
28
What is the remainder when 1562 is divided by 2?
0
What is the remainder when 8533 is divided by 17?
16
What is the remainder when 195 is divided by 179?
16
Calculate the remainder when 739 is divided by 187.
178
Calculate the remainder when 1623 is divided by 58.
57
What is the remainder when 21 is divided by 19?
2
Calculate the remainder when 5351 is divided by 8.
7
What is the remainder when 19 is divided by 6?
1
What is the remainder when 24 is divided by 16?
8
What is the remainder when 79 is divided by 19?
3
What is the remainder when 536 is divided by 7?
4
What is the remainder when 134 is divided by 23?
19
What is the remainder when 54053 is divided by 8?
5
Calculate the remainder when 80 is divided by 64.
16
What is the remainder when 509 is divided by 5?
4
Calculate the remainder when 3561 is divided by 36.
33
Calculate the remainder when 774 is divided by 246.
36
Calculate the remainder when 192 is divided by 31.
6
Calculate the remainder when 2314 is divided by 387.
379
Calculate the remainder when 64077 is divided by 48.
45
Calculate the remainder when 165 is divided by 51.
12
What is the remainder when 223 is divided by 66?
25
What is the remainder when 309 is divided by 104?
101
Calculate the remainder when 738 is divided by 13.
10
What is the remainder when 249 is divided by 72?
33
What is the remainder when 121 is divided by 30?
1
What is the remainder when 240 is divided by 49?
44
What is the remainder when 848 is divided by 142?
138
What is the remainder when 252 is divided by 52?
44
What is the remainder when 269 is divided by 27?
26
What is the remainder when 402 is divided by 83?
70
What is the remainder when 494 is divided by 61?
6
What is the remainder when 22 is divided by 2?
0
Calculate the remainder when 234 is divided by 68.
30
What is the remainder when 614 is divided by 67?
11
What is the remainder when 8839 is divided by 7?
5
What is the remainder when 1367 is divided by 96?
23
Calculate the remainder when 502 is divided by 12.
10
What is the remainder when 35 is divided by 23?
12
Calculate the remainder when 5364 is divided by 199.
190
Calculate the remainder when 1351 is divided by 256.
71
What is the remainder when 33663 is divided by 128?
127
What is the remainder when 578 is divided by 246?
86
Calculate the remainder when 1410 is divided by 83.
82
Calculate the remainder when 7892 is divided by 149.
144
What is the remainder when 128 is divided by 33?
29
Calculate the remainder when 3583 is divided by 16.
15
What is the remainder when 332 is divided by 62?
22
What is the remainder when 3537 is divided by 12?
9
What is the remainder when 174 is divided by 22?
20
Calculate the remainder when 2747 is divided by 275.
272
What is the remainder when 25897 is divided by 148?
145
Calculate the remainder when 166 is divided by 88.
78
Calculate the remainder when 3035 is divided by 44.
43
Calculate the remainder when 1223 is divided by 136.
135
What is the remainder when 3568 is divided by 80?
48
What is the remainder when 1404 is divided by 462?
18
What is the remainder when 190 is divided by 11?
3
What is the remainder when 12923 is divided by 47?
45
Calculate the remainder when 2631 is divided by 94.
93
Calculate the remainder when 294 is divided by 61.
50
Calculate the remainder when 46 is divided by 20.
6
What is the remainder when 320 is divided by 55?
45
What is the remainder when 359 is divided by 108?
35
What is the remainder when 257 is divided by 78?
23
What is the remainder when 181 is divided by 34?
11
Calculate the remainder when 1374 is divided by 234.
204
Calculate the remainder when 135 is divided by 8.
7
What is the remainder when 382 is divided by 48?
46
What is the remainder when 172 is divided by 6?
4
What is the remainder when 509 is divided by 51?
50
Calculate the remainder when 10111 is divided by 17.
13
Calculate the remainder when 152 is divided by 22.
20
What is the remainder when 430 is divided by 27?
25
What is the remainder when 1032 is divided by 22?
20
Calculate the remainder when 2823 is divided by 26.
15
What is the remainder when 183 is divided by 8?
7
Calculate the remainder when 367 is divided by 15.
7
Calculate the remainder when 116 is divided by 15.
11
Calculate the remainder when 742 is divided by 31.
29
Calculate the remainder when 64 is divided by 17.
13
What is the remainder when 819 is divided by 201?
15
Calculate the remainder when 481 is divided by 56.
33
What is the remainder when 3597 is divided by 45?
42
What is the remainder when 1083 is divided by 156?
147
Calculate the remainder when 428 is divided by 22.
10
What is the remainder when 561 is divided by 94?
91
Calculate the remainder when 3692 is divided by 19.
6
What is the remainder when 207 is divided by 117?
90
What is the remainder when 19 is divided by 10?
9
What is the remainder when 282 is divided by 50?
32
What is the remainder when 244 is divided by 13?
10
What is the remainder when 141 is divided by 33?
9
What is the remainder when 766 is divided by 764?
2
Calculate the remainder when 1646 is divided by 17.
14
Calculate the remainder when 19 is divided by 6.
1
Calculate the remainder when 2040 is divided by 73.
69
Calculate the remainder when 133 is divided by 31.
9
What is the remainder when 135 is divided by 34?
33
What is the remainder when 747 is divided by 121?
21
Calculate the remainder when 197 is divided by 25.
22
What is the remainder when 35 is divided by 5?
0
Calculate the remainder when 427 is divided by 410.
17
What is the remainder when 178 is divided by 15?
13
Calculate the remainder when 723 is divided by 33.
30
Calculate the remainder when 8324 is divided by 25.
24
Calculate the remainder when 285 is divided by 36.
33
What is the remainder when 259 is divided by 79?
22
Calculate the remainder when 586 is divided by 42.
40
What is the remainder when 437 is divided by 222?
215
Calculate the remainder when 140 is divided by 36.
32
What is the remainder when 240 is divided by 85?
70
Calculate the remainder when 5458 is divided by 210.
208
Calculate the remainder when 509 is divided by 34.
33
Calculate the remainder when 383 is divided by 48.
47
Calculate the remainder when 603 is divided by 155.
138
Calculate the remainder when 3475 is divided by 79.
78
What is the remainder when 272 is divided by 57?
44
What is the remainder when 20512 is divided by 73?
72
Calculate the remainder when 2125 is divided by 39.
19
Calculate the remainder when 489 is divid